z. Let g = w - -224. Is g prime?
True
Let p be ((-15)/30)/(2/(-112)). Let h be 1*19162/3 - p/(-42). Is 3/(-9) - h/(-3) a composite number?
False
Let a be 118/(-5) + (-6)/15. Suppose 13 = 15*i - 47. Is 102/a + i - 6237/(-4) a composite number?
False
Suppose -6*c = -2*c - 7724. Suppose 2*l + 249 = -r, l - 25*r + 24*r = -123. Let g = c + l. Is g prime?
False
Let s(p) = -p**3 - 8*p**2 + 14*p + 27. Let o(l) = -l**3 - 9*l**2 + 14*l + 28. Let v(x) = 5*o(x) - 6*s(x). Let a be v(-5). Is 10370/15 + a/6 a prime number?
True
Let n = 92416 + -28019. Is n a prime number?
False
Let x(p) = 5*p**3 - 137*p**2 + 11*p + 344. Is x(57) a prime number?
False
Let t = 622 - 434. Suppose -t*l = -189*l + 229. Let s = 3168 - l. Is s a composite number?
False
Is (-3444)/984 - (-1)/2*684521 prime?
True
Suppose -3*d + 2 = -4. Suppose d*w + 5*r - 89 = 434, -4*w = 5*r - 1051. Suppose w = 6*t - 5*t + x, 2*x = -4*t + 1054. Is t a composite number?
False
Let t be 6*(((-250)/(-12))/(-5) - -5). Suppose -t*j = 4*i - 0*j - 1009, -i = -3*j - 248. Is i prime?
True
Let b(f) = -5*f**2 + 103 + 18*f + 1 + 7*f - 17*f**3 + 29*f**3 - 23*f**3. Is b(-9) a composite number?
True
Let o = -2819 - -1763. Let c be ((-7)/28)/((-1)/(-5996)). Let i = o - c. Is i prime?
True
Is (8 - (-2245997)/39)*3 a prime number?
False
Let u(z) = -z**3 + 2*z**2 + 6*z + 14. Let q be u(4). Is ((-4)/(-6)*-2)/(q/(-4689)) a prime number?
False
Let z = -351 + 345. Is (-907)/((3/z)/((-10)/(-20))) a composite number?
False
Let d(n) = n**3 - 11*n**2 + 11*n - 6. Let u(m) = m - 1. Let k be u(11). Let l be d(k). Suppose 9*v - 18187 = -l*v. Is v prime?
True
Let i = 127 - 88. Suppose -i*x + 306 = -37*x. Suppose -4*s = -2*a - 510, -a + x = s + 27. Is s prime?
True
Let c(q) = 2*q + 34. Let v be c(-15). Suppose l + 1 - 20 = -3*k, -4*l - v*k + 36 = 0. Suppose 0*h + h - 3*b = 749, -3048 = -l*h - b. Is h composite?
False
Suppose -1866*m = -1851*m - 1386345. Is m composite?
True
Let w(g) = -3*g**2 - 25*g + 28. Let q be w(-9). Let r(y) = 112*y**2 + 13*y - 87. Is r(q) prime?
True
Suppose 5*n - n - 4*u - 28 = 0, -3*u = -4*n + 23. Let v be -5 + 14 - 4 - 1. Is (n/v)/(12/3576) a prime number?
True
Suppose -3*n + 7*n = -2*q - 76482, 19120 = -n - q. Let p = 32146 + n. Is 4 - (-4)/(20/p) a composite number?
False
Let n(m) = -8*m**3 + 3*m**2 - 2*m - 7. Let b be n(5). Suppose -2*w + 5 = 4*j + 45, -5*w = j + 10. Is b/j - 8/40 a prime number?
False
Suppose 0*t + 34918 + 13837 = 35*t. Is t a composite number?
True
Let q = -495 - 10305. Let w = -6649 - q. Is w prime?
False
Let c be 5/35 - -19*1461/21. Suppose 2*j - 7520 = c. Is j a composite number?
False
Suppose 44*v + 80 = 48*v. Suppose -a = 3*a - v. Suppose -2*k - 3*x = -1390, -k - a*x + 2083 = 2*k. Is k composite?
False
Is (-367140)/(-80) + 7/4 prime?
True
Suppose 0 = -4*f - u - 223, f + 6*u + 37 = 2*u. Let s = f - -60. Is (-3)/(s - (-110)/(-35)) a composite number?
True
Suppose -3*c - 27 + 39 = 0. Suppose -19 = 3*n - c*n + v, -n = 4*v + 1. Is n a composite number?
True
Let l = -864 + 867. Suppose 3*w + 2*i = 5837 - 704, l*w = -4*i + 5133. Is w a prime number?
False
Let f(x) = 438*x**2 - 30*x + 37. Is f(-12) a composite number?
True
Let o(k) = 6887*k + 559. Is o(5) a composite number?
True
Suppose -4*b + 4*y = 8, 0*b + 2*b + 4 = y. Let h(g) = 11 - 348*g - 235*g - 267*g - 86*g. Is h(b) prime?
False
Suppose -293*q + 308*q = 794265. Is q prime?
True
Suppose -2*i + 7*i = 7240. Suppose -3*m + 1183 = -i. Is m a composite number?
False
Suppose 4700*l - 200110 = 4690*l. Is l prime?
True
Let a be (49710/(-8))/((-70)/16 - -4). Suppose -26*f - a + 111236 = 0. Is f a prime number?
False
Let v(r) = r**2 - 21*r + 25. Let f be v(20). Suppose 0 = -5*g - 95*b + 97*b + 1312, f*g - 1308 = -2*b. Is g prime?
False
Let f(r) = 93*r**2 + 420*r - 301. Is f(78) a prime number?
False
Suppose 0 = 3421*a - 3417*a - 611804. Is a a prime number?
False
Is -1 - ((-695534)/14 + -2) prime?
False
Suppose 0 = 5*u - 6*u + 31. Suppose -3 - u = 2*p. Let o(t) = 2*t**2 + 20*t + 21. Is o(p) prime?
False
Let f = 49340 + -109. Suppose -105*n + 98*n = -f. Is n prime?
False
Suppose 0 = 78*x - 29*x - 22*x - 243783. Is x composite?
False
Suppose 1043216 = z + y - 1267269, 3*z - y - 6931479 = 0. Is z composite?
False
Let b(g) = -g**3 + 6*g**2 + 9*g + 62. Let d be b(8). Is ((-37224)/(-216))/(2/d) a composite number?
True
Is 656551/11 - (-48)/88 a composite number?
True
Suppose 110*b + 976116 = 122*b. Is b a prime number?
True
Let t = 20 - 23. Let i be 2/(((0 - t) + -2)*-1). Is 339 + (-6 - i)*1 composite?
True
Let u = 155178 + -12041. Is u prime?
True
Let t(k) = 1299*k + 11. Let s = -29 - -32. Suppose -s*a + 12 = 6. Is t(a) a composite number?
False
Let w = 1160515 - 475082. Is w prime?
False
Let a(p) be the third derivative of 169*p**4/24 + 73*p**3/6 + p**2 + 72*p. Is a(6) a prime number?
True
Let y(g) = g**2 - 4*g + 3. Let f be y(0). Suppose 2*i - 1955 = -f*i - 5*n, -6 = -3*n. Is i composite?
False
Let v(x) = 8*x - 5*x**2 - 5*x + 0 - 7 + x - x**3. Let u be v(-6). Suppose -3*l + 608 = -u*d, 3*d - 3 - 3 = 0. Is l a prime number?
False
Let m = -58613 + 108532. Is m prime?
True
Let w(l) = -371*l + 140. Let v(i) = -123*i + 47. Let g(x) = 14*v(x) - 5*w(x). Is g(23) a prime number?
False
Suppose 0 = 5*q, -5*j - 2*q + 5 = q. Suppose 5*x - 3*l - 45324 = 0, l - j = 1. Suppose y - x = -5*y. Is y a prime number?
True
Let i(y) be the second derivative of -49*y**5/20 + y**4/4 - y**3/6 - y**2 - 3*y. Let b(t) = -t - 3. Let w be b(0). Is i(w) a composite number?
True
Let t = 34415 - 8478. Is t a prime number?
False
Let g(k) = -k**2 + 6*k. Let b be g(-5). Let y = b - -115. Is (-2)/(-15) + 21292/y composite?
True
Let n = 73335 - -47464. Is n a composite number?
True
Suppose -85*j = -12*j - 1086369 - 1060342. Is j a prime number?
False
Let a(s) = -957*s**2 - 3. Let j be a(2). Let m = 2328 - j. Is m composite?
True
Let r(v) = -43*v + 88*v + 26 - 52*v + 14. Let l be r(5). Suppose -b + 8862 = l*b. Is b composite?
True
Let k(q) = 2*q + 4. Let p be k(-1). Suppose 4 = w, p*d - 4*d + 10062 = -4*w. Is d a composite number?
False
Let t = -4 - -8. Let s(i) = -11*i**3 + 2*i**2 + 2*i - 97. Let d(x) = -5*x**3 + x**2 + x - 49. Let l(m) = t*s(m) - 9*d(m). Is l(0) prime?
True
Let v(y) = 1575*y + 30. Let c(f) = 6301*f + 121. Let z(t) = 2*c(t) - 9*v(t). Is z(-2) prime?
False
Suppose 13 = -a - 3*t, -a = -0*a - 3*t - 5. Is ((-8)/a)/((-12)/(-46302)) composite?
False
Let i be 1/(-2) - 1363/2. Let h = 2150 - 1095. Let y = i + h. Is y composite?
False
Let r be ((-5)/2 - 1)*964. Let b be -11 - -11 - r/2. Let i = b - -226. Is i a composite number?
False
Suppose 29560 - 22742 = 14*b. Is b composite?
False
Let p(t) = 20581*t - 3286. Is p(25) a composite number?
True
Suppose 4*t = -29*t + 159501639. Is t composite?
False
Suppose 4072067 = -3*y - 2*y + 36*y. Is y composite?
False
Suppose 2*g - 3*k - 258599 = 0, -11 + 16 = k. Is g a prime number?
False
Let n = 73 + -54. Let h(x) = 74*x + 93. Is h(n) a composite number?
False
Suppose -101 = 5*z + 2*b + 70, -3*z - 107 = -b. Let n = 26 + z. Is (-502)/8*36/n a composite number?
False
Let u = 21755 - -65978. Is u prime?
False
Suppose -2*u + 631209 - 136960 = 5*u. Is u a prime number?
True
Suppose 14*d - 16*d = -2*n + 12, -4*n = 4*d + 8. Suppose -f + 421 + 245 = -n*a, -3*f + 2002 = -5*a. Is f prime?
False
Suppose 3316 + 2735 = k. Let z = k + -550. Is z a prime number?
True
Suppose 9*q - 29831 = -7457. Let u = q - 973. Is u prime?
False
Let x(p) = -12*p**3 - 18*p**2 + 16*p + 125. Is x(-21) a composite number?
False
Let p(a) = -1060*a + 2. Suppose -8*m + 1 = -7*m. Let f be p(m). Let s = 75 - f. Is s a prime number?
False
Suppose 11017*j + 596805 = 11032*j. Is j a prime number?
False
Let m(f) = 35*f**3 + 2*f**2 - 8*f + 6. Suppose -97 - 43 = 4*t. Let b be (t/21)/(8/3 - 3). Is m(b) prime?
True
Let x be 616/(-6)*(0 - 1 - 2). Suppose 0 = -9*s + 8*s - x. Let q = -145 - s. Is q prime?
True
Let j = 41 - 35. Suppose 2*p + 12 = j*p. Suppose -p*k = u - 1189, -k = u + 3*u - 411. Is k a composite number?
True
Let u = 79 + -76. Suppose 4*a = -c + 3694, 2*a - 1212 = u*c + 628. Is a a prime number?
False
Let w be 20743/5 + (-60)/100. Let s = 10287 - w. Is s composite?
True
Suppose -12*m + 6*m = 0. Suppose m = 6*o + 18*o - 18312. Is o prime?
False
Let v(k) be the fir